 is divided by 12?
7
What is the remainder when 1048 - (4/42 + 2604/441) is divided by 95?
92
Let f = -46 - -42. Calculate the remainder when 31 is divided by ((-1 + 0)*12)/(4/f).
7
Let h be (-3)/6*(-3)/((-6)/(-164)). Let l = -39 + h. Suppose 5*n = 2*n + 6. Calculate the remainder when l is divided by n.
0
Let l(r) = 9*r + 13. What is the remainder when l(2) is divided by 11?
9
Let b be 150*(0 - (-3 - -2)). Suppose 2*r = 12*r - b. What is the remainder when 132 is divided by r?
12
Suppose -m + 2*y = -78, -4*y + 264 = 4*m - m. Let l(d) = -d**3 - 5*d**2 - 4*d - 3. Calculate the remainder when m is divided by l(-5).
16
Let q(s) = 20*s + 262. What is the remainder when q(-10) is divided by 29?
4
Suppose 2787 = 15*g + 807. What is the remainder when g is divided by 9?
6
Let c = 285 - 258. Calculate the remainder when 80 is divided by c.
26
Let v = 31 - 17. Let j = 23 - v. Suppose -5*l + 3*m = -8 - 19, 0 = 5*l + 2*m - 7. What is the remainder when j is divided by l?
0
What is the remainder when 40 + 0 - 672/(-84) is divided by 30?
18
Let i(x) = 0 + 5*x**3 + 6*x - 2 - 6*x**3 - 4*x**2. Suppose 2*b - 2 + 22 = 4*w, -5*w + 4*b = -19. Calculate the remainder when i(-6) is divided by w.
6
Suppose -4*y = -37*r + 41*r - 2072, -2*y + 1033 = r. What is the remainder when y is divided by 37?
34
Let p = 96 - 58. What is the remainder when p is divided by 10?
8
Suppose -47 = -4*w - q + 25, -5*w - 5*q = -105. Suppose -5*l + 36*y + 237 = 32*y, -l + 57 = 4*y. What is the remainder when l is divided by w?
15
Calculate the remainder when 62 is divided by (-46)/138 - 25/(-3).
6
Let g = -16 + 25. What is the remainder when ((-1)/(20/112))/((-6)/15) is divided by g?
5
Calculate the remainder when 334 is divided by (-8 - -4)/8*-26.
9
Suppose 5*k + 5*j + 14 = -6, -5*k + 5*j = -10. Calculate the remainder when 11 is divided by (4*-1)/k + (30 - 30).
3
Let s(n) = -17 + 55 - 12 + 3*n - 15. Calculate the remainder when 69 is divided by s(5).
17
Calculate the remainder when 248 + ((-1)/2 - (-30)/(-12)) is divided by 66.
47
Let f = 13 - -18. Let l be -2 + -1 + 2 - (-2 - -15). Let d = -5 - l. Calculate the remainder when f is divided by d.
4
Suppose 77*s = 74*s. Let m(y) = -y**3 - 9*y**2 + 8*y - 3. Let n be m(-10). Suppose n*v - 22*v + 50 = s. Calculate the remainder when 16 is divided by v.
6
Suppose 2*u + 162 = 4*t, 4*u + u + 215 = 5*t. Calculate the remainder when t is divided by 15.
8
Suppose 2*c - 250 = -3*x, 5*x = c - 0*c - 99. Calculate the remainder when c is divided by 11.
9
Let c = 861 - 839. Let d = 6 + -3. Suppose 2*i = d*i - 108. What is the remainder when i is divided by c?
20
Suppose -l - 4 = 0, 2*x + 8*l - 1108 = 3*l. Calculate the remainder when x is divided by 81.
78
Suppose 2*s - 8 = 4*x, 0 = 6*s - 2*s + 2*x - 36. Let q = 23 + 38. Calculate the remainder when q is divided by s.
5
Let p be 232/24 + (-1)/(-3). Suppose 6 = 12*l - p*l. Suppose -l*i = -0*i - 60. What is the remainder when i is divided by 7?
6
Suppose -7*i - 4*n = -123, i - 19 = -5*n + 3*n. Calculate the remainder when 287 is divided by i.
15
Let h be 4 + (15/3 - 3). Let u(m) = -m**2 + 18*m - 2. What is the remainder when u(h) is divided by 12?
10
Suppose -2*z = -14 + 10. Let j(m) = -m**3 + m**z - 11 + m + 0*m - 16*m - 9*m**2. Calculate the remainder when j(-7) is divided by 12.
9
Let y(c) = 2*c**3 + c - 5. Suppose -2*z = -3*z + 2. Suppose v = 3*r - 190, 4*r - 5*v = -0*r + 268. What is the remainder when r is divided by y(z)?
10
Let o(x) = x**2 + 14*x + 16. Let h be o(-13). Suppose h*r + 3*k - 11 = -2*r, 12 = -4*k. Suppose 78 = r*u - u. Calculate the remainder when 128 is divided by u.
24
Let r(o) = -o**3 - 16*o**2 - 15*o + 40. Let v(l) = l**2 + l. Calculate the remainder when r(-15) is divided by v(2).
4
Let i = 96 - 94. What is the remainder when (0 + -46)*(-4 + 1 + i) is divided by 8?
6
Suppose -5*v = 131 - 421. What is the remainder when 226 is divided by v?
52
Suppose -t + 5*r + 155 = 0, -2*t - 3*r = -3*t + 157. What is the remainder when t is divided by 41?
37
Suppose 221 = -211*w + 224*w. Let r = 13 - 6. Calculate the remainder when w is divided by r.
3
Let k(l) = -2*l**2 + 3*l + 230. Calculate the remainder when 167 is divided by k(-8).
11
Calculate the remainder when (94/3)/((-9)/(-27)) is divided by (0 - -12)/(-4*1/(-4)).
10
Let i(t) = -t**3 - 11*t**2 - 12. Let v be i(-11). Let l be -3*v/9 + -6. Calculate the remainder when (36/48)/(l/(-40)) is divided by 9.
6
Let c(a) = -a + 2. Let u be c(-3). Suppose -u*z + 97 = -4*f, z - 3*f - 3 = 23. Let o = -25 + 73. What is the remainder when o is divided by z?
14
Let y = -108 + 108. Let c(b) = b**2 + 3*b + 3. Let p = -9 - -19. Calculate the remainder when p is divided by c(y).
1
Let c = -14 + 8. Let f be c/(-9)*9/2. Suppose 2*t - 32 = -b, -b = f*t - 0 - 48. What is the remainder when 47 is divided by t?
15
Let q(j) = j**3 - 8*j**2 + 7*j. Let z be q(7). Suppose z*w + 3*w - 54 = 0. What is the remainder when 34 is divided by w?
16
Let f(t) = -t + 10*t + 3*t**2 - 7 - 4*t**2 - t. What is the remainder when f(2) is divided by 2?
1
Let w be (-50)/(-20) - (-1)/(-2). Suppose 0*h = w*o - 5*h - 33, 2*o + 4*h = 60. What is the remainder when 93 is divided by o?
21
Let m(t) = t**2 + t - 5. Suppose 3*u - 2*b = -20, 4*u + 2*b + 9 = 1. Suppose 2*j + q - 43 = 0, 2*q - 8 - 2 = 0. What is the remainder when j is divided by m(u)?
5
Suppose -3*o - 33 = 6. Let w = 56 + o. Calculate the remainder when w is divided by 15.
13
Let p be (-8)/3*27/(-2). Calculate the remainder when (0 - 2/(-4))/((-10)/(-400)) is divided by ((-132)/p)/(1/(-3)).
9
Let u(l) be the second derivative of -l**3/6 + l**2 - l. Let b be -4 + ((-9)/1 - -3). Calculate the remainder when 46 is divided by u(b).
10
Let f = 518 - 509. What is the remainder when 12 is divided by f?
3
Let b(c) = -c**2 - c + 101. Let q(j) = -j**3 - j**2 - 6*j - 2. Suppose -6*g = 15 + 3. Calculate the remainder when b(0) is divided by q(g).
33
Suppose -3 = -3*g + 6. Suppose 4*c + 4*k + 193 - 565 = 0, -g*c - k = -271. Suppose 0*a - 4*a = -92. Calculate the remainder when c is divided by a.
20
Let d(p) = 4*p**2 - 24*p + 18. What is the remainder when 142 is divided by d(6)?
16
What is the remainder when 113 is divided by 2/12 + (-4897)/(-498)?
3
Let x(j) = -5*j**3 - 2*j + 3. Let w(c) = c**3 + 2*c**2 - c. Let t be w(-2). Let f be x(t). Let s = f + 49. What is the remainder when 13 is divided by s?
5
Let q(j) = -2*j**3 + j**2 - 11*j - 12. Calculate the remainder when 43 is divided by q(-1).
1
Let q = 114 - 87. Let a = q - 1. What is the remainder when a is divided by 9?
8
Let s = -45 - -49. Suppose -3*f + 197 = -s*h, -322 = -5*f + 5*h - 2. Calculate the remainder when f is divided by 10.
9
Suppose 4*u + j = 6*j + 3, -5*j + 25 = 0. Suppose -u*x + 18 = -17. Suppose 3*q - 86 = -5*d + q, -x*q = -d + 1. What is the remainder when d is divided by 6?
4
Let l be (-476)/51 - 2/(-6). Let n(b) = 2*b + 69. Calculate the remainder when n(l) is divided by 4.
3
Let y(a) = -a**2 + 9*a - 4. Let q be 4/12 - (-34)/6. Suppose 0 = -9*c + 10*c - 54. Calculate the remainder when c is divided by y(q).
12
Suppose f = 14 - 7. Suppose -4 + f = d. Suppose -d*x + 24 = -30. What is the remainder when 34 is divided by x?
16
Let s(z) = z**2 + 3*z + 3. Let q(n) = -n**3 - n**2 + 4*n + 5. Suppose -2*y = -2*b - 2 + 4, 5*b = -2*y - 16. What is the remainder when q(y) is divided by s(-4)?
4
Suppose 0 = -o - 5*p + 37, 4*o - 52 = -24*p + 28*p. What is the remainder when 82 is divided by o?
14
Suppose -4*s = -y + 21, 0 = s + 2*s + 3. Suppose 3*h + 3 = -2*b - 18, h - b = -2. Let r(q) = q**2 - 5*q - 2. What is the remainder when r(h) is divided by y?
14
Let g = 2502 - 2137. What is the remainder when g is divided by 24?
5
Suppose -4*x - 32 = -12*x. Calculate the remainder when 15 is divided by x.
3
Suppose -2*c - 6 = 0, 350 = -19*p + 24*p - 5*c. What is the remainder when 78 is divided by p?
11
Suppose 5*o = -4*k + 428, -11*k - 86 = -12*k + 4*o. Calculate the remainder when k is divided by 53.
49
Let z(w) = 3*w**2 - 13*w + 20. What is the remainder when 449 is divided by z(6)?
49
Let f = 18 + -13. Suppose b + z - 73 = -0*z, b - 93 = -f*z. Suppose -4*k + 6 = -3*x + 59, -4*k = -4*x + b. What is the remainder when 58 is divided by x?
13
Suppose 2*c = 4*c - 226. Suppose -c = 